1229.
1228
What is the remainder when 25513666 is divided by 2397?
2395
What is the remainder when 881603 is divided by 881410?
193
Calculate the remainder when 57355815 is divided by 105.
90
Calculate the remainder when 1357594 is divided by 452526.
16
Calculate the remainder when 22560717 is divided by 65.
62
What is the remainder when 198768 is divided by 435?
408
What is the remainder when 12803796 is divided by 20?
16
What is the remainder when 1002359 is divided by 10?
9
Calculate the remainder when 38649794 is divided by 1863.
1859
Calculate the remainder when 1810564 is divided by 10003.
21
Calculate the remainder when 21919007 is divided by 228.
227
What is the remainder when 56673 is divided by 56527?
146
What is the remainder when 45920 is divided by 2870?
0
What is the remainder when 4690691 is divided by 2685?
2681
Calculate the remainder when 10424389 is divided by 9.
4
What is the remainder when 1253527 is divided by 709?
15
Calculate the remainder when 18428997 is divided by 300.
297
What is the remainder when 2103975827 is divided by 3806?
3803
What is the remainder when 465358 is divided by 27?
13
What is the remainder when 1930664 is divided by 46?
44
What is the remainder when 4551485 is divided by 33?
26
What is the remainder when 575531 is divided by 764?
239
What is the remainder when 338533 is divided by 67385?
1608
What is the remainder when 629028 is divided by 2940?
2808
Calculate the remainder when 11709827 is divided by 573.
572
Calculate the remainder when 199862701 is divided by 49965672.
13
What is the remainder when 1357651 is divided by 271530?
1
What is the remainder when 1263270 is divided by 24770?
0
What is the remainder when 858636 is divided by 71551?
24
Calculate the remainder when 34633918 is divided by 516.
514
Calculate the remainder when 1703928 is divided by 5011.
188
What is the remainder when 240386 is divided by 239748?
638
Calculate the remainder when 4184741 is divided by 107298.
119
Calculate the remainder when 86900829 is divided by 96.
93
Calculate the remainder when 2236808 is divided by 487.
17
What is the remainder when 101883946 is divided by 101?
95
Calculate the remainder when 17875388 is divided by 976.
924
What is the remainder when 330652 is divided by 58?
52
Calculate the remainder when 3626090 is divided by 33.
17
What is the remainder when 397092 is divided by 5026?
38
Calculate the remainder when 70201 is divided by 13855.
926
What is the remainder when 6199632 is divided by 110?
32
What is the remainder when 17562819 is divided by 5854231?
126
Calculate the remainder when 589259 is divided by 147298.
67
Calculate the remainder when 319932 is divided by 106451.
579
What is the remainder when 13890785 is divided by 6945391?
3
What is the remainder when 264334102 is divided by 151?
146
What is the remainder when 33005 is divided by 763?
196
What is the remainder when 285910617 is divided by 87?
81
What is the remainder when 505106 is divided by 520?
186
What is the remainder when 124618652 is divided by 34?
16
Calculate the remainder when 14199 is divided by 3433.
467
Calculate the remainder when 10859314 is divided by 89.
68
What is the remainder when 166011 is divided by 646?
635
Calculate the remainder when 1623390 is divided by 324678.
0
Calculate the remainder when 6416 is divided by 3.
2
Calculate the remainder when 13909 is divided by 487.
273
Calculate the remainder when 59255 is divided by 2611.
1813
What is the remainder when 6474159 is divided by 450?
9
What is the remainder when 93017971 is divided by 46508973?
25
What is the remainder when 621171 is divided by 2292?
39
Calculate the remainder when 675282 is divided by 35.
27
Calculate the remainder when 2752717 is divided by 30.
7
Calculate the remainder when 7254033 is divided by 1208.
1201
What is the remainder when 83884921 is divided by 253?
241
Calculate the remainder when 590912915 is divided by 23.
20
What is the remainder when 772419 is divided by 4244?
11
Calculate the remainder when 39757201 is divided by 333.
331
What is the remainder when 48405 is divided by 734?
695
What is the remainder when 87838 is divided by 2142?
16
Calculate the remainder when 3178536 is divided by 306.
114
Calculate the remainder when 304358 is divided by 2435.
2418
What is the remainder when 4766959 is divided by 48?
31
What is the remainder when 12757402 is divided by 9080?
2
Calculate the remainder when 297250 is divided by 1615.
90
What is the remainder when 196283 is divided by 264?
131
What is the remainder when 54170 is divided by 1612?
974
What is the remainder when 51964519 is divided by 580?
579
Calculate the remainder when 5942322 is divided by 603.
360
Calculate the remainder when 9025620 is divided by 228.
12
Calculate the remainder when 10420093 is divided by 19.
18
Calculate the remainder when 6772367 is divided by 140.
7
Calculate the remainder when 23276339 is divided by 54897.
11
Calculate the remainder when 55426609 is divided by 635.
634
Calculate the remainder when 63214 is divided by 15383.
1682
Calculate the remainder when 7336594 is divided by 3668295.
4
Calculate the remainder when 1283226 is divided by 2957.
2845
What is the remainder when 155953 is divided by 1793?
1755
Calculate the remainder when 91289 is divided by 91242.
47
Calculate the remainder when 2216818 is divided by 316681.
51
Calculate the remainder when 21485 is divided by 2678.
61
Calculate the remainder when 16966750 is divided by 15.
10
Calculate the remainder when 201364 is divided by 636.
388
What is the remainder when 1249688 is divided by 1387?
1
What is the remainder when 57870 is divided by 3033?
243
What is the remainder when 55798 is divided by 713?
184
What is the remainder when 736080 is divided by 3080?
3040
What is the remainder when 204074968 is divided by 51018738?
16
What is the remainder when 63596 is divided by 62208?
1388
Calculate the remainder when 4302923 is divided by 709.
2
Calculate the remainder when 71686 is divided by 23455.
1321
Calculate the remainder when 87551 is divided by 29098.
257
What is the remainder when 185609 is divided by 36348?
3869
Calculate the remainder when 2466932 is divided by 2466631.
301
Calculate the remainder when 661382 is divided by 363.
359
What is the remainder when 23211 is divided by 1031?
529
Calculate the remainder when 20362924 is divided by 37779.
43
What is the remainder when 630537 is divided by 3038?
1671
What is the remainder when 762224 is divided by 5410?
4824
Calculate the remainder when 1064053 is divided by 283.
256
Calculate the remainder when 41173 is divided by 13705.
58
What is the remainder when 49455922 is divided by 4132?
14
Calculate the remainder when 276772 is divided by 3359.
1334
What is the remainder when 822578 is divided by 85?
33
What is the remainder when 184358145 is divided by 5716?
5713
What is the remainder when 46758892 is divided by 457?
23
Calculate the remainder when 16861110 is divided by 382.
12
Calculate the remainder when 769699 is divided by 184.
27
What is the remainder when 1310630 is divided by 326871?
3146
What is the remainder when 1710110279 is divided by 11293?
11289
Calculate the remainder when 365786290 is divided by 13.
12
What is the remainder when 836321611 is divided by 349?
347
Calculate the remainder when 58032 is divided by 58022.
10
What is the remainder when 51910547 is divided by 43331?
9
What is the remainder when 3751518 is divided by 459?
111
What is the remainder when 79623 is divided by 39668?
287
What is the remainder when 124198832 is divided by 618?
608
What is the remainder when 165035 is divided by 102?
101
Calculate the remainder when 389995 is divided by 1052.
755
Calculate the remainder when 365535488 is divided by 276.
260
What is the remainder when 12643902 is divided by 28?
26
Calculate the remainder when 1818521 is divided by 2005.
1991
What is the remainder when 12112679 is divided by 33?
29
Calculate the remainder when 1657180 is divided by 1657136.
44
What is the remainder when 14075984 is divided by 800?
784
Calculate the remainder when 434986 is divided by 557.
526
Calculate the remainder when 39544 is divided by 8148.
6952
What is the remainder when 884144 is divided by 4581?
11
Calculate the